{"id":33,"date":"2020-04-22T13:39:56","date_gmt":"2020-04-22T13:39:56","guid":{"rendered":"http:\/\/dunkelfeld-film.de\/?page_id=33"},"modified":"2021-06-15T16:27:58","modified_gmt":"2021-06-15T15:27:58","slug":"termine-screening-dates","status":"publish","type":"page","link":"https:\/\/dunkelfeld-film.de\/?page_id=33","title":{"rendered":"Termine \/ dates"},"content":{"rendered":"\n<figure class=\"wp-block-table\"><table><tbody><tr><td>03.05.2020 &#8211; 18.05.2020<\/td><td><a href=\"https:\/\/www.kurzfilmtage.de\/de\/film\/dunkelfeld-142743\/\" target=\"_blank\" rel=\"noreferrer noopener\">Internationale Kurzfilmtage Oberhausen<\/a> (German competition, world premiere)<\/td><\/tr><tr><td>28.05.2020 &#8211; 05.08.2020<\/td><td><a rel=\"noreferrer noopener\" href=\"https:\/\/www.freiburg.de\/pb\/1371518.html\" target=\"_blank\"><em>Hiding Our Faces Like a Dancing Wind<\/em><\/a><br><a rel=\"noreferrer noopener\" href=\"https:\/\/www.freiburg.de\/pb\/1371518.html\" target=\"_blank\">Schau_Raum im Museum f\u00fcr Neue Kunst Freiburg<\/a><br>Forensic Architecture, Yazan Khalili, Ole-Kristian Heyer, Patrick Lohse und Marian Mayland. Kuratiert von Didem Yaz\u0131c\u0131<\/td><\/tr><tr><td>21.10.2020 &#8211; 25.10.2020<\/td><td><a rel=\"noreferrer noopener\" href=\"https:\/\/filmfest-osnabrueck.de\/programm-2020\/\" target=\"_blank\">Unabh\u00e4ngiges FilmFest Osnabr\u00fcck<\/a><\/td><\/tr><tr><td>18.11.2020 &#8211; 22.11.2020<\/td><td><a href=\"https:\/\/www.kffk.de\/filme\/dunkelfeld\/\" target=\"_blank\" rel=\"noreferrer noopener\">Kurzfilmfestival\u00a0K\u00f6ln\u00a0N\u00b014<\/a><\/td><\/tr><tr><td>18.11.2020 &#8211; 22.11.2020<\/td><td><a href=\"https:\/\/blicke.org\/filme\/dunkelfeld\/\" target=\"_blank\" rel=\"noreferrer noopener\">blicke. Filmfestival des Ruhrgebiets, Bochum<\/a><\/td><\/tr><tr><td>26.11.2020 &#8211; 03.01.2021<\/td><td><em>Regionale 21. <\/em>Kunsthaus L6, Freiburg<\/td><\/tr><tr><td>16.06.2021 &#8211; 27.06.2021<\/td><td><a href=\"https:\/\/www.kampnagel.de\/de\/programm\/kein-einzelfall-rechtsradikale-realitaeten-in-deutschland\/\" target=\"_blank\" rel=\"noreferrer noopener\">Kein &#8222;Einzelfall&#8220;. Rechtsradikale Realit\u00e4ten in Deutschland<\/a><br>Kampnagel &#8211; Internationale Kulturfabrik, Hamburg<br>Mogniss H. Abdallah und Ken Fero, Vivet Alevi und Ulrike Hemberger, Cana Bilir-Meier, Katharina Kohl, Suat \u00d6g\u00fct sowie Hito Steyerl. Kuratiert von Jens Geiger<\/td><\/tr><\/tbody><\/table><\/figure>\n\n\n\n<p><\/p>\n","protected":false},"excerpt":{"rendered":"<p>03.05.2020 &#8211; 18.05.2020 Internationale Kurzfilmtage Oberhausen (German competition, world premiere) 28.05.2020 &#8211; 05.08.2020 Hiding Our Faces Like a Dancing WindSchau_Raum im Museum f\u00fcr Neue Kunst FreiburgForensic Architecture, Yazan Khalili, Ole-Kristian Heyer, Patrick Lohse und Marian Mayland. Kuratiert von Didem Yaz\u0131c\u0131 21.10.2020 &#8211; 25.10.2020 Unabh\u00e4ngiges FilmFest Osnabr\u00fcck 18.11.2020 &#8211; 22.11.2020 Kurzfilmfestival\u00a0K\u00f6ln\u00a0N\u00b014 18.11.2020 &#8211; 22.11.2020 blicke. Filmfestival&hellip;&nbsp;<a href=\"https:\/\/dunkelfeld-film.de\/?page_id=33\" class=\"\" rel=\"bookmark\">Weiterlesen &raquo;<span class=\"screen-reader-text\">Termine \/ dates<\/span><\/a><\/p>\n","protected":false},"author":1,"featured_media":0,"parent":0,"menu_order":0,"comment_status":"closed","ping_status":"closed","template":"","meta":[],"_links":{"self":[{"href":"https:\/\/dunkelfeld-film.de\/index.php?rest_route=\/wp\/v2\/pages\/33"}],"collection":[{"href":"https:\/\/dunkelfeld-film.de\/index.php?rest_route=\/wp\/v2\/pages"}],"about":[{"href":"https:\/\/dunkelfeld-film.de\/index.php?rest_route=\/wp\/v2\/types\/page"}],"author":[{"embeddable":true,"href":"https:\/\/dunkelfeld-film.de\/index.php?rest_route=\/wp\/v2\/users\/1"}],"replies":[{"embeddable":true,"href":"https:\/\/dunkelfeld-film.de\/index.php?rest_route=%2Fwp%2Fv2%2Fcomments&post=33"}],"version-history":[{"count":14,"href":"https:\/\/dunkelfeld-film.de\/index.php?rest_route=\/wp\/v2\/pages\/33\/revisions"}],"predecessor-version":[{"id":146,"href":"https:\/\/dunkelfeld-film.de\/index.php?rest_route=\/wp\/v2\/pages\/33\/revisions\/146"}],"wp:attachment":[{"href":"https:\/\/dunkelfeld-film.de\/index.php?rest_route=%2Fwp%2Fv2%2Fmedia&parent=33"}],"curies":[{"name":"wp","href":"https:\/\/api.w.org\/{rel}","templated":true}]}}

<figure class="wp-block-table"><table><tbody><tr><td>03.05.2020 &#8211; 18.05.2020</td><td><a href="https://www.kurzfilmtage.de/de/film/dunkelfeld-142743/" target="_blank" rel="noreferrer noopener">Internationale Kurzfilmtage Oberhausen</a> (German competition, world premiere)</td></tr><tr><td>28.05.2020 &#8211; 05.08.2020</td><td><a rel="noreferrer noopener" href="https://www.freiburg.de/pb/1371518.html" target="_blank"><em>Hiding Our Faces Like a Dancing Wind</em></a><br><a rel="noreferrer noopener" href="https://www.freiburg.de/pb/1371518.html" target="_blank">Schau_Raum im Museum für Neue Kunst Freiburg</a><br>Forensic Architecture, Yazan Khalili, Ole-Kristian Heyer, Patrick Lohse und Marian Mayland. Kuratiert von Didem Yazıcı</td></tr><tr><td>21.10.2020 &#8211; 25.10.2020</td><td><a rel="noreferrer noopener" href="https://filmfest-osnabrueck.de/programm-2020/" target="_blank">Unabhängiges FilmFest Osnabrück</a></td></tr><tr><td>18.11.2020 &#8211; 22.11.2020</td><td><a href="https://www.kffk.de/filme/dunkelfeld/" target="_blank" rel="noreferrer noopener">Kurzfilmfestival Köln N°14</a></td></tr><tr><td>18.11.2020 &#8211; 22.11.2020</td><td><a href="https://blicke.org/filme/dunkelfeld/" target="_blank" rel="noreferrer noopener">blicke. Filmfestival des Ruhrgebiets, Bochum</a></td></tr><tr><td>26.11.2020 &#8211; 03.01.2021</td><td><em>Regionale 21. </em>Kunsthaus L6, Freiburg</td></tr><tr><td>16.06.2021 &#8211; 27.06.2021</td><td><a href="https://www.kampnagel.de/de/programm/kein-einzelfall-rechtsradikale-realitaeten-in-deutschland/" target="_blank" rel="noreferrer noopener">Kein &#8222;Einzelfall&#8220;. Rechtsradikale Realitäten in Deutschland</a><br>Kampnagel &#8211; Internationale Kulturfabrik, Hamburg<br>Mogniss H. Abdallah und Ken Fero, Vivet Alevi und Ulrike Hemberger, Cana Bilir-Meier, Katharina Kohl, Suat Ögüt sowie Hito Steyerl. Kuratiert von Jens Geiger</td></tr></tbody></table></figure>



<p></p>

<p>03.05.2020 &#8211; 18.05.2020 Internationale Kurzfilmtage Oberhausen (German competition, world premiere) 28.05.2020 &#8211; 05.08.2020 Hiding Our Faces Like a Dancing WindSchau_Raum im Museum für Neue Kunst FreiburgForensic Architecture, Yazan Khalili, Ole-Kristian Heyer, Patrick Lohse und Marian Mayland. Kuratiert von Didem Yazıcı 21.10.2020 &#8211; 25.10.2020 Unabhängiges FilmFest Osnabrück 18.11.2020 &#8211; 22.11.2020 Kurzfilmfestival Köln N°14 18.11.2020 &#8211; 22.11.2020 blicke. Filmfestival&hellip;&nbsp;<a href="https://dunkelfeld-film.de/?page_id=33" class="" rel="bookmark">Weiterlesen &raquo;<span class="screen-reader-text">Termine / dates</span></a></p>
